 a = 28 + -25. Suppose -d + 3*d + 4*f - 84 = 0, a*f + 112 = 2*d. What is the tens digit of d?
5
Let s = 4 + 4. Suppose -2*n - 2*n + s = 0. Suppose -j = -n*k - 49, -3*j - 2*k + 179 = -0*j. What is the tens digit of j?
5
Let t = -984 + 984. Let z be (-192)/(-14) + (-4)/(-14). Suppose t = -18*j + z*j + 28. What is the units digit of j?
7
Let k = 1381 + -472. What is the units digit of k?
9
Let n(w) = -196*w - 5. What is the units digit of n(-1)?
1
Suppose 3*m - 2*j = -14, j = -2*m + 6*j - 24. What is the units digit of (m/(-4))/((-5)/(-610))?
1
Let f = -13 - -17. Suppose -2*x - 13 = -0*q - 3*q, 0 = f*q - 2*x - 18. Suppose 2*n - 70 = -j, -q*n - 4*j + 172 = -0*j. What is the tens digit of n?
3
Let b be (1 + 3/(-6))*312. Let y = b + -91. What is the tens digit of y?
6
Suppose 4*p - 5*w + 336 = 1404, 4*p = -2*w + 1040. What is the tens digit of p?
6
Suppose -13*d - 78 = -26. What is the tens digit of (52/(-10))/(3*d/180)?
7
Let k(d) = 2*d - 10. Let u be k(9). Let y(z) = 6*z - 1 + 12*z**2 + z - u*z. What is the units digit of y(-1)?
2
Let d = 588 - -1306. What is the tens digit of d?
9
Let g be 11 - 3 - (-6)/(-2). Suppose -212 + 782 = 4*l + g*w, 5*l + 4*w = 717. What is the units digit of l?
5
Let s(r) = 3*r**3 - 5*r**2 - 6*r - 11. Let w be s(9). Suppose 0 = 10*d - 13 - w. What is the hundreds digit of d?
1
Let b(i) = 3*i**2 - 39*i + 5. Suppose 20*w - 247 = 7*w. What is the units digit of b(w)?
7
Let g(b) = -139*b**3 - b**2 - b - 1. Let r be g(-1). Suppose k + 25 = r. Suppose -3*d - 183 = -3*n, k = 2*n - 2*d + 3*d. What is the units digit of n?
8
Let z(b) = -793*b + 4. What is the hundreds digit of z(-1)?
7
Let r be -2 - (25/(-5) + -1). Suppose 0 = r*i - 3*w - 462, -212 = -2*i + 3*w + 22. What is the hundreds digit of i?
1
Suppose -5*a + 2 = -5*p + 17, -p = a - 7. Suppose a*t = -2*t + 228. Let o = t - 12. What is the tens digit of o?
4
Suppose 2*t = -0*t - 5*n + 1311, -n + 651 = t. What is the hundreds digit of t?
6
Let f(s) be the first derivative of -s**4/4 + s**3/3 + s**2 + 2*s + 16. What is the units digit of f(2)?
2
Suppose 21*k = 11*k + 2490. What is the hundreds digit of k?
2
Suppose -i + 3*y = -691, 5*i - 3*i + 3*y - 1364 = 0. What is the units digit of i?
5
What is the hundreds digit of 10/6 - 296*(-234)/108?
6
Let r(c) = -2*c**2 + 13*c - 2. Let j be r(6). What is the units digit of j - (-4 - 136 - 2)?
6
Let v(a) = 2*a**2 + 4*a + 4. Let g be v(-3). What is the units digit of (-168)/(-20) - 4/g?
8
Suppose -x + 9 = 2*x. Suppose 0 = x*z - 4*b + 4, -3*z + 5*b + 0 = -1. Let f = z + 13. What is the units digit of f?
5
Let l(t) = -t**2 + 8*t - 5. Let h be (-24)/(-40)*(-1 - -11). Let d be (-2)/((-4)/h) + 3. What is the units digit of l(d)?
7
Suppose u + 5*t - 20 = 0, 0*u + u - 5*t + 10 = 0. Suppose 4*d = u*c + 201, 0*c - 103 = -2*d + 5*c. What is the units digit of d?
9
Let s = 49 - 50. What is the units digit of s/3*(155/(-1) - -2)?
1
Let n be (-81)/18*4/(-6). Suppose -106 + 304 = n*a. What is the tens digit of (-11)/11 + 1 + a?
6
Let f(m) = 2*m - 6. Let o be f(-9). Let l be 4/6 - o/(-9). What is the tens digit of (-4)/(-2) - (-18 - l)?
1
Suppose -2*o - 2*o - 2*k + 294 = 0, 4*o - 5*k - 287 = 0. Suppose -2*d - 180 = 2*d + u, 5*d + 225 = -2*u. Let m = o + d. What is the tens digit of m?
2
Let d be 1 + 15/(-5) + -146. Let g = -94 - d. What is the tens digit of g?
5
Suppose -h = c + 2*c + 13, -3*h = c + 71. Let f = 35 + h. What is the tens digit of f?
1
Suppose 610 = u - 6*u. Let d = -203 - u. Let k = -43 - d. What is the tens digit of k?
3
Let k = 10 + -16. Let s(z) = z**2 + 5*z - 3. Let b be s(k). Suppose -b*o - 3*u = -111, 2*u = -5*o + 4*u + 178. What is the units digit of o?
6
Let z be (0 - (-4 + 4))/2. Suppose z = t - 4*t + 24. Let h = t - -3. What is the units digit of h?
1
Let j be (-2)/(-5) + -1 + (-322)/(-70). Suppose j*k = 17 - 1. What is the units digit of k?
4
Let t(r) = r**3 - 5*r**2 - 3*r + 5. Let x = -1 + 4. Suppose 0*o = 4*o + 3*k - 24, 3*o - x*k - 18 = 0. What is the units digit of t(o)?
3
Let s = 721 + -447. Suppose s = 2*n + 74. What is the hundreds digit of n?
1
Suppose -5*l = -2*l - 6. Let c be (-1125)/(-18) + l/(-4). Let b = 89 - c. What is the units digit of b?
7
What is the tens digit of ((-5621)/(-28))/((-2)/(-8))?
0
Suppose 0 = -5*p + 4*r - 9*r + 3340, 0 = -4*p - 5*r + 2670. What is the hundreds digit of p?
6
Suppose 2*t + 3490 = 42*k - 39*k, -5*t + 5 = 0. What is the tens digit of k?
6
Let a be (1/1)/((-3)/(-33)). Let l(g) = g**2 - 10*g + 1. Let w be l(a). What is the units digit of 76*(15/w)/5?
9
What is the units digit of (27/(-36))/(1*2/(-8136))?
1
Let z = 7 + -9. Let p be ((-10)/(3 + 2))/z. What is the units digit of 2 + p + (9 - 11)?
1
Let t(s) be the first derivative of -s**3/3 + 15*s**2/2 - 5*s - 10. Let z(v) be the first derivative of t(v). What is the tens digit of z(-17)?
4
Let h(p) = p**2 + 4*p - 5. Let y = 17 - 9. Let c be 0 + -9 - (-11 + y). What is the units digit of h(c)?
7
What is the units digit of 195342/315 - (-2)/(-15)?
0
Let j(g) be the third derivative of -5*g**4/12 + g**3/6 + g**2. Let z = 43 + -46. What is the units digit of j(z)?
1
Let z be 1 + (2 - 1) - -2. Suppose z = -l + 3. What is the units digit of 4/((-2)/l - 0)?
2
Let n(l) = -2*l**3 - 7*l**2 + 18*l - 18. What is the hundreds digit of n(-10)?
1
Suppose 3*z + 3*j - 740 = 439, 2*j + 1596 = 4*z. What is the units digit of z?
7
Let j(k) = -k**3 - 2*k**2 + 6*k + 7. Let x(p) = -p**2 + 7*p + 5. Let t be x(8). Let l be j(t). What is the units digit of (l - -6)/(14/91)?
6
Let x = -4963 - -7912. What is the thousands digit of x?
2
Let w be (-27)/(-5) + 4/(-10). Suppose 0 = w*c - 40 - 35. Suppose -4*s - 3 + c = 4*g, 5*g = -3*s + 21. What is the units digit of g?
6
Suppose -5*f + k + 2255 = -752, -4*f + 4*k = -2396. What is the tens digit of f?
0
Let u(r) = -19*r + 2. Let p be u(2). Let o = 65 + p. Let f = o - -12. What is the tens digit of f?
4
Let l(m) = 14*m - 5. Let u = -5 - -17. What is the tens digit of l(u)?
6
Suppose -1600 = -5*r - 4*h, -4*r - 4*h - 270 + 1546 = 0. What is the hundreds digit of r?
3
Suppose -46*h + 29*h + 60452 = 0. What is the units digit of h?
6
Let c = 11 + -4. Let u be 5/3 - (-6)/18. Let x = c - u. What is the units digit of x?
5
Let k(h) = -h**2 - h + 27. Let m be k(0). What is the units digit of ((-18)/m)/((-1)/6)?
4
Let b = 14 + -12. What is the tens digit of (3 - b)*(-1 - -48)?
4
Let j = -175 - -185. What is the tens digit of j?
1
Let f(y) = 3*y - 13. Let m be f(6). Suppose 5*l - 103 = -j + 3*l, -m*l + 490 = 5*j. What is the tens digit of j?
9
Suppose -5 = -5*n + 5. Suppose -4*t - 424 = -4*h, -n*h - t + 536 = 3*h. What is the tens digit of h?
0
Let o(r) = 2168*r**3 - 3*r**2 - 3*r + 5. What is the hundreds digit of o(1)?
1
Suppose 3*s - 33 = -0*s. Suppose 3*j - s = 5*u, 2*j = -j + 2*u + 17. Suppose -5*h - 4*d = -231, -5*h - j*d = -2*d - 235. What is the tens digit of h?
4
Suppose 4*g - 2*g = -252. Let c = g - -232. What is the units digit of c?
6
Let n = 13 + -10. Suppose -11 = n*r + 7. What is the units digit of -1*(-26 + 3 + r)?
9
Let v = -468 + 1185. What is the tens digit of v?
1
Let i(d) = 16*d**2 - 7*d - 1. Let a(u) = 2*u - 4*u**2 - 2*u**2 + 7*u**2 - 3*u. Let s(k) = -6*a(k) + i(k). What is the tens digit of s(-2)?
4
Suppose 0 = -2*d + 237 + 37. What is the hundreds digit of d?
1
Let p = 94 + -91. Suppose -730 - 45 = -5*i - p*z, -z = 4*i - 627. What is the units digit of i?
8
Suppose -22 = 3*t - 484. Suppose -5*f + 302 = 3*p, -5*p - t = -3*f - 0*f. What is the units digit of f?
8
Let a(z) = -41*z - 74. What is the hundreds digit of a(-7)?
2
Let v(o) = 2*o**3 - 3*o**2 - o + 1. Let b be v(-1). Let n be ((-6)/4)/(3/(-6)). What is the tens digit of 16 + b/(-3)*n?
1
Suppose 17186 = 5*z + 3*p, -5*z + 3430 = -4*z - 3*p. What is the hundreds digit of z?
4
Let i(h) = -52*h - 2. Let f be i(-2). Suppose -4*v + 5*v = l - 34, -3*v = 3*l - f. What is the units digit of l?
4
Suppose 3*k = -4*k + 805. Let i = 171 - k. What is the units digit of i?
6
Let z = -49 + 2709. What is the hundreds digit of z?
6
Let o(c) = c**3 + 26*c**2 - 15*c - 216. What is the tens digit of o(-17)?
4
Suppose 2*j + 65 = 43. Let s = j + 152. What is the hundreds digit of s?
1
Let b be (-92)/(-22) + 6/(-33). Suppose 35 = -b*s + 135. What is the units digit 